 by 11.
8
Calculate the remainder when 14 is divided by (-4 - (0 + -1))/((-9)/12).
2
Let o = 86 + -73. Calculate the remainder when 37 is divided by o.
11
Let q(t) = t**3 - 4*t**2 + 2*t. Let s be q(3). Let v be (2/s)/((-3)/(-63)). Let m = -1 - v. What is the remainder when 25 is divided by m?
12
Suppose 13*z + 15 = 18*z. What is the remainder when 15 is divided by z?
0
Let j(s) = -s**3 - 2*s**2 + s - 3. Let w be j(-3). Suppose -4*l - l = 3*b + 16, 0 = -w*b + l + 14. What is the remainder when 7 is divided by b?
1
Let r = -37 + 60. Suppose -3*v + 2*l = 2*v + 35, 2*v + r = -l. Let a = v - -22. What is the remainder when 24 is divided by a?
11
Calculate the remainder when 25 is divided by (-29)/(-4) + 17/(-68).
4
Calculate the remainder when (-24)/(-3) + -4 + 9 is divided by 5.
3
Suppose -4*y = -y + 4*f - 125, 55 = y + 4*f. What is the remainder when y is divided by 19?
16
Suppose -5*l = -4*a - 2*l + 108, 3*l = -4*a + 108. Suppose -5*o - 48 = -4*y, -2*o - 40 = -4*y + o. What is the remainder when a is divided by y?
6
Suppose 0*x - 3*x = -3. Suppose 0 = n - 3*u + 11, 0*n = 3*n - u + x. Suppose 2*k = 4*r - 3 - n, 0 = 3*k. What is the remainder when 1 is divided by r?
0
Suppose 5*u = -3*g + 88, g + 4 = -0. Suppose 2*f - 5*m = 6*f - 68, 2*f - m = u. Suppose -5*a = -3*a - f. What is the remainder when a is divided by 4?
2
Let j(l) = -l. Let g(z) be the first derivative of -z**3/3 - 5*z**2/2 - 9*z - 4. Let n(a) = -g(a) + 4*j(a). Calculate the remainder when n(0) is divided by 5.
4
Suppose 0 = -j - 2*f - 1, 5*f - 6 = -5*j - 1. Calculate the remainder when 6 is divided by j.
0
Let u = -7 + 23. Let n be -9 - 3/(-6)*-4. Let k = n + 42. Calculate the remainder when k is divided by u.
15
Let h = 3 - 0. Suppose -14 = -9*l + 2*l. What is the remainder when h is divided by l?
1
What is the remainder when 7 is divided by 27/36 + (-9)/(-4)?
1
Let c(i) = -4*i - 3. Let g(k) = 3*k + 4. Let l be 21/9 + (-2)/(-3). What is the remainder when g(l) is divided by c(-2)?
3
Let o be 6/21 - 310/7. What is the remainder when 3 is divided by (-8)/o - (-9)/11?
0
Suppose -5*x = -0*x - 25. Let q = 4 + 8. Calculate the remainder when q*(-1)/5*-5 is divided by x.
2
Let i be (-2)/6 + (-58)/6. Let z be (-24)/30*i/4. Suppose 0 = -z*k + 42 - 12. Calculate the remainder when 28 is divided by k.
13
Let d = 66 + -44. Calculate the remainder when 85 is divided by d.
19
Let d(s) = -s**2 + 7*s - 8. Let k be d(6). Let a(v) = -7*v**3 - v**2 + 2*v + 2. What is the remainder when a(k) is divided by 13?
11
Let x = -129 - -266. What is the remainder when x is divided by 28?
25
What is the remainder when 18*(-2 + (-15)/(-6)) is divided by 6?
3
Let o = 16 - 4. Let m be 2/8 - (-153)/o. Let t = 24 - m. Calculate the remainder when 31 is divided by t.
9
Suppose -6*d - 143 = -19*d. Calculate the remainder when d is divided by 8.
3
Let f(y) = -y**3 + 11*y**2 - 8*y + 12. Let x(o) = o + 3. Let l be x(7). Calculate the remainder when f(l) is divided by 17.
15
Let b = -150 + 235. What is the remainder when b is divided by 13?
7
Let a(l) = 2*l**2 + 3*l - 5*l + 0*l**2 - 18*l**3 + 1 + 4*l. Let g be a(-1). Let n = -3 + g. What is the remainder when 45 is divided by n?
13
Let b(p) = 15*p - 5. Let o(q) = 5*q - 2. Let d(u) = 3*b(u) - 8*o(u). Calculate the remainder when d(6) is divided by 11.
9
Suppose -2*q - 48 = 2*q. Calculate the remainder when q/30 + (-114)/(-10) is divided by (3/(-2))/((-2)/4).
2
Suppose h = 2*t - 32 - 15, 4*t = 5*h + 79. Let m be (2 + (-1 - 1))/(-2). What is the remainder when t is divided by 14/1 + m/3?
12
Let u(v) be the second derivative of 3/2*v**2 + 0 - 2*v - 7/6*v**3 + 1/6*v**4. What is the remainder when u(5) is divided by 10?
8
Calculate the remainder when 138/24*(-1 + -3)*-1 is divided by 5.
3
Suppose 6 = -3*z + i - 4*i, z = 4*i + 18. Suppose z*k - 30 = 7*k. Let p = k + 17. What is the remainder when 20 is divided by p?
9
Let v(t) = -3 - 2*t - t + 5*t - 7. What is the remainder when v(9) is divided by 2?
0
Let d be ((-90)/35)/((-3)/14). Suppose -d = -5*v + 18. Calculate the remainder when 21 is divided by v.
3
Suppose -20 = 2*l + 3*l, -3*l = 4*h - 56. Suppose 5*j + n - h - 22 = 0, j + 3*n = 19. Calculate the remainder when 21 + 0/1 + -1 is divided by j.
6
Suppose 18 + 16 = y. Suppose 3*p - 40 = -p - 4*a, 5*a + y = p. Calculate the remainder when 26 is divided by p.
12
Suppose -2*y - 2*m = -12, -2*m + 3 = y - 2*y. Suppose -y*s - 2*w + 92 = 0, -5*w - 147 = -5*s - 2*w. What is the remainder when 117 is divided by s?
27
Suppose 9*f - 13*f = -152. Calculate the remainder when f is divided by 14.
10
Suppose 2*f + 204 = 8*f. What is the remainder when f is divided by 21?
13
Let o(n) = -n**2 - 6*n - 2. Let w be o(-5). Suppose -3*u - 2*u - 4*p = -14, -u + 18 = -w*p. What is the remainder when 17 is divided by u?
5
Suppose 0 = 4*g - a - 268, 5*g - a - 356 = -5*a. What is the remainder when g is divided by 23?
22
Let f(b) = 10*b**2. Let s be f(-3). Suppose 3*k - s = k. What is the remainder when k is divided by 16?
13
Let o = 235 + -40. Let t be o/27 + 4/(-18). Suppose 5*j = 77 - t. Calculate the remainder when 53 is divided by j.
11
Suppose -30 = -4*d + 2*d. What is the remainder when ((-42)/(-6))/7*43 is divided by d?
13
Let t(b) = -b + 1. Let h be t(1). Calculate the remainder when 20 is divided by -1*(-33)/(3 + h).
9
Suppose 0 = x - s - 17, -2*x + 44 = -0*x - 4*s. Suppose 0*c + 45 = -5*c. Let p = c - -31. Calculate the remainder when p is divided by x.
10
Suppose 0 = -s + o + 3*o + 24, -3*s - 5*o - 13 = 0. Calculate the remainder when s is divided by (20/6 + -3)/(3/18).
0
Let v = 11 - 1. What is the remainder when 18 is divided by v?
8
Let f(r) = -6*r + 6. What is the remainder when f(-1) is divided by 3?
0
Suppose 0 = 5*w - 2*o, 0*w + 4*o - 18 = w. What is the remainder when 24 is divided by -4*(w - 42/8)?
11
Let d = -8 + 5. Calculate the remainder when d/2*(2 - 38) is divided by 11.
10
Let d(x) = -3 - 1 - 3*x - 4 + 4. Let f(b) = 39*b**3 + b**2 + b - 1. Calculate the remainder when f(1) is divided by d(-6).
12
Let w = -7 + 13. Let p be 4/6 + 6/(-9). Suppose p = l - b - 7, 5*l + 5*b = b + 71. Calculate the remainder when l is divided by w.
5
Suppose w = -4*w - 30. Let r = w + 8. What is the remainder when r is divided by 1?
0
Suppose -5*t + 52 = c, c - t - 187 = -3*c. Let j = 19 + -3. Calculate the remainder when c is divided by j.
15
Let f(i) = i**3 - i**2 - i + 4. Let r be f(0). Suppose 0 = -d + 8*s - r*s + 16, -4*s = 2*d - 20. What is the remainder when 45 is divided by d?
9
Suppose 71 = -3*g + j, -13 = 2*g - 4*j + 41. What is the remainder when (1 + 0)*-1 - g is divided by 6?
4
Suppose 3*s - 2750 = -5*i, 2*i + 3*i + 2*s - 2750 = 0. Suppose -10*w + 15*w = i. Calculate the remainder when w is divided by 28.
26
Let k(g) = -g**3 + 6*g**2 + g - 3. Let t be k(6). Suppose 3*d - 24 = -2*l, 3*l - 7*l + t*d + 12 = 0. What is the remainder when 276/27 - 4/18 is divided by l?
4
Calculate the remainder when 144 is divided by ((-2)/6*29)/((-26)/78).
28
Let s = 72 + -35. What is the remainder when 71 is divided by s?
34
Suppose -4*m + 2*b + 178 = b, -b - 2 = 0. What is the remainder when 172 is divided by m?
40
Let l(c) = -c**2 + 4*c + 2. Let g be (7/2)/(-7)*-8. Calculate the remainder when 3 is divided by l(g).
1
Let f be (15 - 10)*1/1. Suppose 0 = 2*i - f*z + 26, 2*i + 3*z + 12 = z. Let t(m) = m**3 + 7*m**2 - 11*m - 2. What is the remainder when 65 is divided by t(i)?
21
Let f = -16 - -44. Suppose -4*z - 4 = -f. Calculate the remainder when 17 is divided by z.
5
Suppose 5*s = 3*v + 4, 6 + 18 = 2*v + 2*s. Let w(f) = f**2 - f - 10. Calculate the remainder when w(v) is divided by 11.
10
Calculate the remainder when 65 is divided by (-34)/(-4)*(-21 - -23).
14
Let w be (-1 + (-1)/(-3))*-222. Suppose 4*m = -0*m + w. Suppose -m = -4*o + 3*b, -15 = -5*o - b + 17. What is the remainder when 20 is divided by o?
6
Let p = -2 - -4. Calculate the remainder when 1*33*1 + p is divided by 12.
11
Let a(b) = -b**2 + 7*b + 10. Suppose 5*w + 12 = -d, -3*d + 21 = -2*w - 2*w. Let x be (14/(-6))/(w/9). What is the remainder when 29 is divided by a(x)?
9
Suppose 12*o - 54 = 6*o. What is the remainder when o is divided by 5?
4
Let t = 134 + -44. What is the remainder when t is divided by 23?
21
Let g be -12 - 4/(-3 + 1